 17, 19, 47
List the prime factors of 426564.
2, 3, 17, 41
List the prime factors of 504546.
2, 3, 7, 41, 293
What are the prime factors of 205523?
19, 29, 373
What are the prime factors of 194284?
2, 48571
List the prime factors of 17700357.
3, 53, 111323
List the prime factors of 925365.
3, 5, 7, 1259
List the prime factors of 6274671.
3, 13, 349, 461
What are the prime factors of 786464?
2, 7, 3511
List the prime factors of 658219.
658219
List the prime factors of 11550917.
7, 19, 653
List the prime factors of 2260632.
2, 3, 11, 8563
List the prime factors of 5435180.
2, 5, 29, 9371
List the prime factors of 13610092.
2, 3402523
What are the prime factors of 1897568?
2, 19, 3121
List the prime factors of 746384.
2, 46649
What are the prime factors of 658241?
71, 73, 127
What are the prime factors of 228424?
2, 7, 4079
List the prime factors of 108998.
2, 54499
List the prime factors of 393363.
3, 17, 857
What are the prime factors of 360257?
360257
What are the prime factors of 672476?
2, 7, 47, 73
What are the prime factors of 3554886?
2, 3, 37, 67, 239
List the prime factors of 452076.
2, 3, 101, 373
List the prime factors of 163008.
2, 3, 283
What are the prime factors of 97078?
2, 48539
List the prime factors of 401964.
2, 3, 19, 41, 43
List the prime factors of 218189.
37, 5897
List the prime factors of 17176692.
2, 3, 13, 103, 1069
What are the prime factors of 640545?
3, 5, 42703
List the prime factors of 39202128.
2, 3, 7, 38891
List the prime factors of 30239174.
2, 7, 89, 3467
What are the prime factors of 2721609?
3, 11, 37, 743
What are the prime factors of 3462447?
3, 241, 4789
List the prime factors of 7692127.
7692127
List the prime factors of 24498852.
2, 3, 7, 29, 89, 113
What are the prime factors of 4765615?
5, 139, 6857
What are the prime factors of 27202303?
53, 337, 1523
List the prime factors of 6934788.
2, 3, 7, 9173
List the prime factors of 4550999.
29, 139, 1129
List the prime factors of 1648951.
1648951
What are the prime factors of 8797561?
89, 98849
What are the prime factors of 179427?
3, 59809
What are the prime factors of 566839?
7, 13, 6229
List the prime factors of 1302319.
17, 76607
What are the prime factors of 11240833?
2377, 4729
List the prime factors of 1304733.
3, 17, 25583
What are the prime factors of 1945740?
2, 3, 5, 32429
List the prime factors of 16203619.
16203619
What are the prime factors of 499854?
2, 3, 227, 367
List the prime factors of 86304.
2, 3, 29, 31
List the prime factors of 25047734.
2, 257, 48731
List the prime factors of 3608149.
71, 89, 571
List the prime factors of 15194240.
2, 5, 23741
List the prime factors of 145127.
103, 1409
What are the prime factors of 378822?
2, 3, 19, 3323
List the prime factors of 234313.
53, 4421
What are the prime factors of 884495?
5, 176899
What are the prime factors of 2743334?
2, 11, 19, 6563
List the prime factors of 1193347.
853, 1399
What are the prime factors of 31311625?
5, 23, 10891
What are the prime factors of 380892?
2, 3, 31741
What are the prime factors of 9996216?
2, 3, 37, 11257
What are the prime factors of 657824?
2, 61, 337
List the prime factors of 1884008.
2, 7, 17, 1979
What are the prime factors of 13312347?
3, 59, 75211
What are the prime factors of 4859473?
43, 113011
List the prime factors of 533121.
3, 19, 47, 199
List the prime factors of 502049.
89, 5641
What are the prime factors of 13561588?
2, 439, 7723
What are the prime factors of 371999?
371999
List the prime factors of 729401.
653, 1117
List the prime factors of 16260127.
13, 1250779
What are the prime factors of 11701724?
2, 257, 11383
What are the prime factors of 1884973?
1884973
List the prime factors of 30553.
30553
List the prime factors of 9789432.
2, 3, 407893
What are the prime factors of 2299713?
3, 13, 58967
What are the prime factors of 2322003?
3, 774001
List the prime factors of 2024659.
7, 13, 19, 1171
What are the prime factors of 165026?
2, 109, 757
List the prime factors of 7260593.
43, 168851
What are the prime factors of 7339395?
3, 5, 7, 69899
What are the prime factors of 945496?
2, 73, 1619
List the prime factors of 2418676.
2, 13, 193, 241
What are the prime factors of 2487795?
3, 5, 23, 7211
List the prime factors of 172609.
101, 1709
What are the prime factors of 30366?
2, 3, 7, 241
List the prime factors of 164295.
3, 5, 1217
What are the prime factors of 173177?
173177
What are the prime factors of 6614834?
2, 3307417
List the prime factors of 1283363.
251, 5113
List the prime factors of 221669.
7, 31667
What are the prime factors of 9881825?
5, 395273
What are the prime factors of 14758047?
3, 47, 139, 251
What are the prime factors of 1087981?
1087981
What are the prime factors of 1655572?
2, 127, 3259
What are the prime factors of 4093297?
13, 499, 631
What are the prime factors of 29108190?
2, 3, 5, 19, 223, 229
What are the prime factors of 2821700?
2, 5, 7, 29, 139
What are the prime factors of 795071?
795071
What are the prime factors of 771082?
2, 13, 47, 631
List the prime factors of 263258.
2, 23, 59, 97
List the prime factors of 2635354.
2, 1317677
What are the prime factors of 8839?
8839
What are the prime factors of 9482300?
2, 5, 94823
What are the prime factors of 82458?
2, 3, 509
List the prime factors of 2965313.
13, 307, 743
List the prime factors of 5719902.
2, 3, 29, 71, 463
What are the prime factors of 19317036?
2, 3, 617, 2609
List the prime factors of 2308843.
2308843
List the prime factors of 19156092.
2, 3, 1596341
What are the prime factors of 175994?
2, 7, 13, 967
What are the prime factors of 1029671?
163, 6317
List the prime factors of 3601115.
5, 7, 31, 3319
List the prime factors of 651686.
2, 7, 46549
List the prime factors of 105631.
73, 1447
List the prime factors of 12121.
17, 23, 31
What are the prime factors of 793012?
2, 11, 67, 269
List the prime factors of 10502669.
29, 362161
What are the prime factors of 149290?
2, 5, 14929
List the prime factors of 3334728.
2, 3, 19, 71, 103
What are the prime factors of 4897121?
389, 12589
What are the prime factors of 32122?
2, 16061
List the prime factors of 43472.
2, 11, 13, 19
What are the prime factors of 253118?
2, 19, 6661
List the prime factors of 2053093.
7, 37, 7927
List the prime factors of 6902278.
2, 857, 4027
What are the prime factors of 7061513?
7061513
List the prime factors of 301645.
5, 23, 43, 61
What are the prime factors of 2276370?
2, 3, 5, 8431
List the prime factors of 24149402.
2, 23, 29, 43, 421
List the prime factors of 100919.
7, 13, 1109
List the prime factors of 831499.
229, 3631
List the prime factors of 20413417.
193, 105769
List the prime factors of 940838.
2, 23, 113, 181
What are the prime factors of 945221?
31, 30491
List the prime factors of 312816.
2, 3, 7, 19
What are the prime factors of 14773953?
3, 4924651
What are the prime factors of 1872707?
163, 11489
What are the prime factors of 15513422?
2, 1063, 7297
What are the prime factors of 17138440?
2, 5, 11, 3541
What are the prime factors of 12423545?
5, 457, 5437
List the prime factors of 404696.
2, 50587
List the prime factors of 570885.
3, 5, 7, 5437
List the prime factors of 2278904.
2, 37, 7699
List the prime factors of 70036.
2, 17509
What are the prime factors of 4934393?
1237, 3989
What are the prime factors of 28495?
5, 41, 139
List the prime factors of 66115.
5, 7, 1889
List the prime factors of 567639.
3, 59, 1069
List the prime factors of 677987.
173, 3919
What are the prime factors of 685947?
3, 373, 613
List the prime factors of 534039.
3, 11, 16183
List the prime factors of 2970521.
2970521
List the prime factors of 3728423.
17, 71, 3089
List the prime factors of 361738.
2, 13, 13913
List the prime factors of 17880979.
2957, 6047
List the prime factors of 35707.
7, 5101
List the prime factors of 1520058.
2, 3, 253343
What are the prime factors of 2158981?
11, 196271
What are the prime factors of 922355?
5, 7, 19, 73
List the prime factors of 923364.
2, 3, 13, 1973
What are the prime factors of 14621446?
2, 7, 83, 12583
What are the prime factors of 10192208?
2, 13, 19, 2579
What are the prime factors of 47832?
2, 3, 1993
List the prime factors of 721223.
721223
What are the prime factors of 1167614?
2, 7, 83401
List the prime factors of 395328.